32?
False
Is 224664576 a multiple of 7195?
False
Is 978 a factor of 38468295?
False
Is 298509306 a multiple of 2871?
False
Is 80275774 a multiple of 83?
True
Does 7 divide 7082275?
False
Is 34 a factor of 392222513?
False
Does 355 divide 800431990?
True
Is 3588 a factor of 1749469332?
True
Is 31 a factor of 3111718?
True
Does 55 divide 3866062200?
True
Does 3 divide 1177406?
False
Does 14 divide 34481566?
True
Is 2208 a factor of 5744911935?
False
Does 98 divide 11585975?
False
Is 7 a factor of 5035156?
True
Is 18 a factor of 161046400?
False
Does 77 divide 18056586?
False
Is 13 a factor of 38597917?
False
Does 13 divide 195971818?
False
Is 307 a factor of 464134883?
False
Is 1430 a factor of 2014159805?
False
Does 122 divide 6253753184?
True
Does 460 divide 118738426?
False
Does 86 divide 5129642?
True
Is 3584 a factor of 977331712?
True
Does 3 divide 32431177?
False
Does 50 divide 167362450?
True
Is 2304 a factor of 8329164?
False
Does 273 divide 1096114929?
True
Is 13 a factor of 13629180?
False
Is 56111230 a multiple of 70?
True
Is 520 a factor of 191606?
False
Is 82773405 a multiple of 429?
True
Is 25 a factor of 456107625?
True
Does 156 divide 38075507?
False
Is 252568831 a multiple of 73?
True
Is 31591713 a multiple of 43?
True
Is 249299618 a multiple of 3?
False
Is 374 a factor of 509773862?
False
Is 876 a factor of 130010664?
True
Does 55 divide 8785088278?
False
Is 654843295 a multiple of 4?
False
Does 11 divide 514316973?
False
Is 55009177 a multiple of 30?
False
Is 114 a factor of 213967586?
False
Is 4175074 a multiple of 359?
False
Is 196297625 a multiple of 1110?
False
Is 80 a factor of 17734693?
False
Is 29 a factor of 2470980?
False
Is 80818567 a multiple of 1157?
False
Is 159 a factor of 123492611?
False
Is 6212759 a multiple of 186?
False
Is 1187113735 a multiple of 69?
False
Is 35602500 a multiple of 141?
True
Is 42313095 a multiple of 190?
False
Is 29 a factor of 437447687?
True
Is 4988 a factor of 299195204?
True
Is 7 a factor of 140918885?
False
Does 4273 divide 40926276?
False
Is 1714 a factor of 831824950?
False
Is 43882360 a multiple of 62?
True
Is 12616916 a multiple of 63?
False
Does 446 divide 2602209?
False
Does 751 divide 3229035296?
False
Is 460286607 a multiple of 315?
False
Is 354 a factor of 22742962?
False
Is 1241 a factor of 107516622?
False
Does 88 divide 429270864?
True
Does 6 divide 2282484?
True
Does 15 divide 159353475?
True
Is 12 a factor of 129562022?
False
Does 3 divide 7894729?
False
Does 50 divide 44002300?
True
Is 692297470 a multiple of 46?
True
Is 1829661380 a multiple of 6830?
True
Is 2548858562 a multiple of 18?
False
Is 335 a factor of 17141574?
False
Is 64154233 a multiple of 135?
False
Is 16 a factor of 371559851?
False
Does 12041 divide 507010387?
True
Does 1732 divide 1714905160?
True
Does 4044 divide 470124573?
False
Does 5 divide 30361251?
False
Is 85704 a multiple of 3?
True
Is 163421280 a multiple of 3040?
True
Is 321167891 a multiple of 103?
False
Is 28 a factor of 2308115320?
True
Is 133 a factor of 192277036?
True
Is 3168 a factor of 69327046?
False
Is 265 a factor of 211287945?
True
Is 1744862808 a multiple of 37?
False
Is 1032 a factor of 36254160?
True
Does 2658 divide 77332495?
False
Is 11 a factor of 220318076?
True
Is 39 a factor of 219718044?
True
Is 1075 a factor of 319950105?
False
Is 1027 a factor of 677965834?
True
Is 5517 a factor of 544032302?
False
Is 587662194 a multiple of 3738?
True
Is 30416401 a multiple of 11?
False
Is 456347307 a multiple of 1381?
True
Is 152 a factor of 391645024?
True
Does 33 divide 3617559894?
False
Is 52 a factor of 376354291?
False
Is 43059 a multiple of 3?
True
Is 1429 a factor of 109806419?
False
Does 6 divide 1164987660?
True
Is 85994412 a multiple of 14?
True
Is 3 a factor of 15179604?
True
Does 6 divide 1366432898?
False
Is 8 a factor of 25954448?
True
Is 2938 a factor of 130738659?
False
Is 267 a factor of 118256436?
True
Does 535 divide 976413520?
True
Is 458505578 a multiple of 734?
True
Is 1626 a factor of 305437635?
False
Is 6 a factor of 496891488?
True
Is 14227817 a multiple of 46?
False
Does 14 divide 27062190?
False
Is 1839 a factor of 75194871?
True
Does 3 divide 480167136?
True
Is 132414322 a multiple of 327?
False
Is 218 a factor of 164247740?
True
Does 5693 divide 680148403?
True
Is 783 a factor of 170726950?
False
Is 96685554 a multiple of 14?
True
Is 74 a factor of 1212522040?
False
Does 5 divide 7702988?
False
Is 23 a factor of 78569288?
True
Is 81253110 a multiple of 30?
True
Is 511823268 a multiple of 1116?
True
Is 315058192 a multiple of 16?
True
Is 38880719 a multiple of 2207?
True
Is 14331102 a multiple of 593?
False
Is 353 a factor of 153588535?
True
Does 130 divide 12623650?
True
Is 8830464 a multiple of 256?
True
Does 338 divide 8753205?
False
Is 6672674 a multiple of 26?
False
Does 6070 divide 320210710?
True
Is 13133510 a multiple of 130?
True
Does 47 divide 7614376?
True
Is 72888290 a multiple of 7?
False
Is 150522502 even?
True
Is 138 a factor of 62779086?
False
Is 428391132 a multiple of 156?
True
Does 12 divide 4130439732?
True
Does 4604 divide 363167367?
False
Is 6 a factor of 77552941?
False
Is 630 a factor of 56587860?
True
Does 17 divide 48258350?
False
Does 44 divide 964914280?
True
Is 79396058 a multiple of 980?
False
Is 62 a factor of 31416408?
False
Does 32 divide 9364469?
False
Is 395 a factor of 445969346?
False
Does 429 divide 240519458?
False
Is 23 a factor of 3123616438?
False
Is 133346700 a multiple of 34?
False
Is 339754660 a multiple of 14?
True
Does 336 divide 33811188?
False
Does 27 divide 43986100?
False
Does 34 divide 147229384?
True
Is 440532293 a multiple of 32?
False
Is 996767368 a multiple of 13834?
True
Is 41 a factor of 441956330?
False
Is 41 a factor of 171071352?
True
Does 5 divide 51221280?
True
Is 1403444363 a multiple of 433?
True
Does 1575 divide 893048625?
True
Does 3265 divide 159962145?
True
Is 105 a factor of 811107891?
False
Is 77 a factor of 128909319?
True
Does 3854 divide 234646936?
True
Does 2578 divide 55121435?
False
Does 1110 divide 605443950?
True
Is 45 a factor of 1079806796?
False
Is 24 a factor of 56088048?
True
Does 1255 divide 63927190?
True
Does 119 divide 75757304?
True
Is 51318729 a multiple of 77?
True
Is 5656 a factor of 757949248?
True
Does 32 divide 9898386?
False
Does 21 divide 20848319?
False
Is 15146492 a multiple of 172?
True
Is 11300479 a multiple of 54?
False
Is 206 a factor of 491589336?
True
Does 109 divide 73403979?
True
Is 48694001 a multiple of 33?
False
Does 39 divide 42767964?
False
Does 121 divide 328931845?
True
Does 14 divide 83562895?
False
Is 49 a factor of 333015417?
True
Does 70 divide 11343500?
True
Is 323 a factor of 20145510?
True
Is 397354948 a multiple of 19?
False
Is 43 a factor of 67524638?
False
Is 43489764 a multiple of 417?
True
Is 2707250 a multiple of 50?
True
Is 11314653 a multiple of 103?
True
Is 173 a factor of 129468010?
True
Does 34 divide 100421819?
False
Does 1428 divide 2077087404?
True
Is 7697473 a multiple of 301?
True
Is 15927577 a multiple of 162?
False
Does 633 divide 72078963?
False
Is 10958642 a multiple of 218?
True
Is 100201610 a multiple of 86?
True
Is 314008 a multiple of 37?
False
Is 5 a factor of 3733654?
False
Is 48736625 a multiple of 9?
False
Is 77994910 a multiple of 7?
True
Is 138208020 a multiple of 645?
True
Is 76 a factor of 8998096?
True
Is 23 a factor of 680711084?
False
Is 88111935 a multiple of 22?
False
Is 1385414646 a multiple of 42?
True
Is 1753801914 a multiple of 8278?
True
Is 47822221 a multiple of 946?
False
Is 608130450 a multiple of 225?
True
Is 4986 a factor of 1321893352?
False
Is 363763363 a multiple of 21?
False
Is 6 a factor of 127096130?
False
Does 21 divide 49853343?
False
Does 133 divide 124588207?
False
Is 1274265295 a multiple of 13?
False
Is 5 a factor of 5423781?
False
Does 322 divide 250470598?
True
Does 14 divide 293229474?
False
Is 28207878 a multiple of 8?
False
Is 89910286 a multiple of 11?
False
Is 1340270 a multiple of 3?
False
Is 137996718 a multiple of 29?
False
Is 171 a factor of 123022188?
True
Is 121912786 a multiple of 3?
False
Does 189 divide 2311332162?
False
Is 27 a factor of 17071398?
True
Is 40 a factor of 18609357?
False
Does 438 divide 10132